Let b(m) = m**3 + 5*m**2 - 3*m - 2. Give b(-5).
13
Let o(s) = 5*s - 13. Determine o(4).
7
Let y(u) = 2*u - 16. Calculate y(5).
-6
Let h(a) = 5*a**2 + 37*a + 27. What is h(-8)?
51
Let t(x) = x**2 - 19*x + 53. Give t(15).
-7
Let c(p) = -3*p + 5. What is c(0)?
5
Let n(i) = -i - 1. Determine n(-2).
1
Let a(b) = -b**3 + b**2 + b - 2. What is a(-2)?
8
Let g(s) = s - 9. Give g(7).
-2
Let g(i) = 3*i + 10. Determine g(-10).
-20
Let t(u) = 14*u**2 + u. Give t(1).
15
Let x(w) = w**2 + 16*w - 36. Determine x(-19).
21
Let q(w) = w**2 - 8*w - 11. Calculate q(8).
-11
Let t(p) = -2*p**2 + 5*p + 4. What is t(5)?
-21
Let j(p) = -p**3 - 7*p**2 - 5*p + 7. Determine j(-5).
-18
Let j(y) = 22*y + 22. What is j(-1)?
0
Let r(p) = -p**3 - 7*p**2 + 4*p + 10. Give r(-4).
-54
Let n(f) = 15*f + 106. Calculate n(-10).
-44
Let o(z) = z**3 + 9*z**2 + 8*z + 7. Give o(-8).
7
Let c(d) = -d**3 + 10*d**2 - 31*d + 15. Calculate c(7).
-55
Let t(o) = 16*o. Determine t(1).
16
Let v(q) = -12*q - 20. What is v(-9)?
88
Let d(b) = b**3 + 6*b**2 - 28*b + 4. Determine d(3).
1
Let c(x) = -x**3 - 17*x**2 - 2*x - 32. Determine c(-17).
2
Let r(u) = 8*u + 138. Determine r(-17).
2
Let d(p) = 6*p**3 - 17*p**2 + 2*p - 2. Give d(3).
13
Let v(w) = -w**3 + 18*w**2 - 69*w - 80. What is v(11)?
8
Let d(n) = -n**2 + 11*n + 64. Give d(15).
4
Let y(z) = z**3 - 24*z**2 - 16. Calculate y(24).
-16
Let a(p) = 4*p**2 + 5*p + 2. Give a(-3).
23
Let f(v) = -41*v**3 - 4*v**2 + 9*v - 8. Give f(1).
-44
Let w(v) = -v**2 + 8*v - 8. Determine w(6).
4
Let x(h) = -h**2 + 65*h - 12. Give x(0).
-12
Let k(n) = -n**3 + 11*n**2 - 6*n - 5. Give k(11).
-71
Let t(p) = -5*p**2 - 8*p - 7. Give t(-1).
-4
Let i(g) = -g**3 - 3*g**2 + 9*g - 9. Calculate i(-5).
-4
Let y(m) = m**3 - 35*m**2 + 36*m - 74. What is y(34)?
-6
Let q(i) = 91*i**2. Calculate q(-1).
91
Let v(b) = b**3 + 4*b**2 - 8*b + 16. Determine v(-6).
-8
Let v(s) = -8*s + 25. Determine v(3).
1
Let c(q) = 2*q**2 - 42*q + 6. What is c(21)?
6
Let o(s) = -3*s - 8. Determine o(-4).
4
Let m(n) = 14*n + 1. Calculate m(-3).
-41
Let u(p) = p**3 + 6*p**2 - 9*p - 9. Give u(-7).
5
Let g(a) = -a - 2. What is g(18)?
-20
Let x(j) = 58*j - 5. Determine x(2).
111
Let i(k) = -7*k + 11. Give i(-5).
46
Let i(l) = l**3 + 11*l**2 + 24*l + 1. Give i(-8).
1
Let j(b) = -11*b**2 + b + 2. Give j(-1).
-10
Let i(k) = -k**3 + 3*k**2 + 3*k + 7. Give i(4).
3
Let b(q) = -3*q + 37. What is b(17)?
-14
Let v(l) = 53*l - 292. Give v(6).
26
Let g(q) = 3*q**2 + 20. Determine g(5).
95
Let x(s) = 40*s**2 - s + 5. Determine x(2).
163
Let h(v) = v**3 + v**2 - 6*v - 6. Calculate h(-4).
-30
Let o(n) = -11*n**3 - n**2. Determine o(-1).
10
Let u(s) = 2*s**2 + 6*s + 1. What is u(-4)?
9
Let c(i) = 7*i**2 + i. What is c(-2)?
26
Let a(b) = -2*b**2 - 13*b + 20. Determine a(-8).
-4
Let o(b) = b - 13. What is o(11)?
-2
Let s(h) = -h - 1. Determine s(14).
-15
Let o(m) = m + 5. What is o(-1)?
4
Let c(l) = -5*l - 8. Calculate c(-5).
17
Let g(v) = v**3 + 9*v**2 - 13*v + 12. Determine g(-10).
42
Let r(g) = -6*g - 1. What is r(-6)?
35
Let p(k) = -k**3 - 10*k**2 + 13*k - 8. What is p(-11)?
-30
Let z(c) = 2*c - 44. Give z(24).
4
Let m(k) = k**3 - 5*k**2 - 6*k - 6. What is m(6)?
-6
Let r(h) = h**3 + h**2 - h - 3. Calculate r(-2).
-5
Let n(o) = 3*o + 50. Give n(-20).
-10
Let y(s) = 3*s**3 - 153*s**2 - s + 48. Give y(51).
-3
Let g(u) = 6*u - 1. What is g(0)?
-1
Let g(x) = 3*x**3 - 3*x - 1. What is g(-2)?
-19
Let n(s) = -12*s**2. Give n(-1).
-12
Let x(j) = j**2 - 9*j - 15. Calculate x(11).
7
Let g(t) = t**3 + 20*t**2 + 64*t + 18. Calculate g(-16).
18
Let g(s) = s**3 + 10*s**2 - 26*s - 34. Calculate g(-12).
-10
Let t(z) = z**3 - 5*z**2 - 29*z + 28. Calculate t(8).
-12
Let w(z) = -z**3 - 2*z**2 - 3. Determine w(-5).
72
Let a(b) = -b**3 + 21*b**2 - 39*b + 25. Calculate a(19).
6
Let u(y) = y**3 + 2*y**2 - 4*y - 1. Give u(-4).
-17
Let y(h) = h - 11. Give y(6).
-5
Let f(i) = i**2 + 5*i - 14. Give f(-7).
0
Let g(v) = v**2 - 2*v + 3. Determine g(4).
11
Let i(x) = 8*x**3 + 7*x - 6. What is i(1)?
9
Let o(m) = m**2 - 6*m - 6. Give o(7).
1
Let b(i) = -2*i**2 - 2*i + 15. Give b(8).
-129
Let n(l) = 5*l - 1. Determine n(-1).
-6
Let l(f) = f**3 - 14*f**2 + 25*f - 13. Determine l(12).
-1
Let q(b) = b**2 - 9*b + 9. Calculate q(8).
1
Let l(v) = 43*v + 34. What is l(-1)?
-9
Let y(f) = -f**3 - 4*f**2 + 13*f + 4. Give y(-6).
-2
Let y(q) = -q**3 - 5*q**2 - 7*q - 4. Give y(-3).
-1
Let q(t) = -19*t - 100. What is q(-5)?
-5
Let x(a) = a**3 - a**2 - a - 40. Determine x(0).
-40
Let w(i) = -i**2 - 10*i - 18. Calculate w(-8).
-2
Let l(m) = -m**2 - 7*m + 4. What is l(-8)?
-4
Let r(l) = l**3 - 15*l**2 - 20*l + 58. What is r(16)?
-6
Let q(o) = -8*o**3 - o**2 + 5*o + 3. Determine q(-2).
53
Let h(t) = t**2 - 18*t + 83. What is h(5)?
18
Let c(j) = -3*j - 69. What is c(-21)?
-6
Let n(h) = -60*h + 113. Determine n(2).
-7
Let v(a) = -14*a - 22. Give v(3).
-64
Let s(p) = p - 3. Give s(4).
1
Let w(d) = -d**2 - 10*d - 2. What is w(-7)?
19
Let q(a) = a**3 - 30*a**2 + 2*a - 65. Calculate q(30).
-5
Let b(r) = 3*r**2 - 26*r - 12. Give b(7).
-47
Let t(m) = -m**3 - 8*m**2 - 6*m - 2. Calculate t(-7).
-9
Let y(f) = 3*f**3 - 3*f**2 + 5*f - 1. Determine y(2).
21
Let h(p) = p**3 + p**2 - 5*p - 4. Determine h(-3).
-7
Let w(v) = -v**2 + 16*v - 64. Give w(13).
-25
Let y(r) = 13*r**3 + 4*r**2 - 3*r. Give y(2).
114
Let t(i) = -2*i**3 + 12*i**2 + 2*i - 4. Give t(6).
8
Let l(x) = -x**3 + 21*x**2 - 40*x + 16. Calculate l(19).
-22
Let w(h) = -h**3 - 9*h**2 + 3*h - 6. Give w(-9).
-33
Let k(a) = -11*a + 29. Calculate k(3).
-4
Let l(v) = -8*v + 13. Determine l(-2).
29
Let v(o) = -20*o + 43. Calculate v(3).
-17
Let z(o) = o**3 - 13*o**2 - 13*o - 2. Give z(14).
12
Let d(w) = 2*w + 1. What is d(-1)?
-1
Let v(a) = 14*a**2 + 1. Give v(-1).
15
Let o(u) = -u. Calculate o(10).
-10
Let p(t) = -t**3 + 9*t**2 - 9*t + 20. Determine p(8).
12
Let f(b) = -5*b - 156. What is f(-33)?
9
Let x(q) = 18*q**2 + 5*q - 28. Calculate x(3).
149
Let w(d) = 4*d - 80. Give w(19).
-4
Let j(f) = 26*f + 19. Calculate j(2).
71
Let h(k) = -2*k**2 - 5*k + 12. Determine h(-4).
0
Let z(l) = -l**3 + 6*l**2 + 6*l + 1. What is z(7)?
-6
Let y(h) = h**2 + h + 3. Determine y(0).
3
Let o(k) = -2*k**3 - 18*k**2 + 21*k + 22. Calculate o(-10).
12
Let f(l) = l**2 + l + 60. Give f(0).
60
Let f(w) = -w**2 - 5*w. Calculate f(-8).
-24
Let j(u) = -u**3 + 4*u**2 - u - 4. Determine j(3).
2
Let r(v) = -v**3 + 8*v**2 + 5*v + 7. What is r(8)?
47
Let v(m) = -m**3 + 16*m**2 + 34*m + 37. Give v(18).
1
Let s(a) = a**2 + 3*a - 2. Determine s(1).
2
Let u(i) = 2*i - 25. What is u(12)?
-1
Let r(l) = -l**3 - 13*l**2 - 42*l - 24. Determine r(-8).
-8
Let m(w) = -6*w**3 + w**2 + w - 2. Determine m(1).
-6
Let x(c) = -c - 6. Calculate x(3).
-9
Let y(o) = o**3 - 2*o**2 - 5*o - 1. What is y(4)?
11
Let h(o) = -o**3 + 4*o**2 + 8*o - 14. Determine h(5).
1
Let w(s) = -s**3 - 21*s**2 - 19*s + 11. Calculate w(-20).
-9
Let n(j) = -j - 16. Give n(-12).
-4
Let f(k) = -11*k - 5. What is f(-4)?
39
Let f(k) = -k**2 - 10*k. Calculate f(-14).
-56
Let i(z) = -13*z**3 + 2*z**2 - 3*z + 1. Give i(1).
-13
Let g(a) = -a**3 + 22*a**2 - 2*a + 46. What is g(22)?
2
Let s(u) = u**2 - 28*u + 55. Determine s(26).
3
Let i(k) = k**3 + 2*k**2 - 3*k + 5. Determine i(-3).
5
Let y(n) = -2*n**2 + 14*n - 14. Calculate y(6).
-2
Let g(u) = u**3 + 5*u**2 - 8*u - 5. Calculate g(-6).
7
Let k(f) = -f**3 - 21*f**2 - 21*f - 37. Give k(-20).
-17
Let k(h) = -h**2 + 11*h + 172. What is k(-8)?
20
Let u(j) = j**3 + 26*j**2 - 29*j - 56. Give u(-27).
-2
Let l(d) = -d. What is l(5)?
-5
Let q(w) = w**2 + 15*w - 86. Give q(-19).
-10
Let s(c) = -c + 7. What is s(7)?
0
Let b(v) = 6*v + 9. Calculate b(-6).
-27
Let m(u) = 12*u + 37. Determine m(-4).
-11
Let w(g) = -6*g + 6. Calculate w(7).
-36
Let j(o) = -o**3 + 15*o**2 - 31*o + 16. What is j(12)?
76
Let r(l) = 3*l**3 + 39*l**2 - 8. Determine r(-13).
-8
Let y(l) = l**3 - 4*l**2 - 6*l + 2. Calculate y(5).
-3
Let h(z) = z**2 + 16*z - 13. Determine h(-17).
4
Let s(g) = -g**2 + 34*g - 95. Determine s(31).
-2
Let g(f) = 41*f + 1267. Calculate g(-31).
-4
Let q(z) = z**2 + 17*z - 31. What is q(-18)?
-13
Let s(d) = -3*d - 68. Determine s(-10).
-38
Let c(j) = j**2 + j + 12. Determine c(-5).
32
Let l(f) = f - 11. Determine l(-10).
-21
Let w(r) = 2*r**2 + 17*r - 18. Calculate w(-10).
12
Le